1102
What is 14 (base 7) in base 16?
b
-3 (base 5) to base 9
-3
What is 1025 (base 7) in base 3?
111102
Convert -11 (base 4) to base 15.
-5
What is 100100111 (base 2) in base 8?
447
What is -17 (base 11) in base 12?
-16
-2 (base 12) to base 16
-2
What is 102 (base 6) in base 9?
42
18 (base 13) to base 4
111
What is -186 (base 11) in base 3?
-21222
Convert 2 (base 12) to base 5.
2
-1 (base 12) to base 7
-1
-3231 (base 4) to base 5
-1422
What is -1001 (base 3) in base 12?
-24
Convert -23 (base 8) to base 11.
-18
1104 (base 5) to base 6
414
What is 1 (base 6) in base 9?
1
-1200 (base 4) to base 3
-10120
Convert -7 (base 15) to base 5.
-12
Convert 212 (base 5) to base 2.
111001
What is 24 (base 10) in base 12?
20
211 (base 3) to base 16
16
3 (base 8) to base 2
11
Convert 3 (base 11) to base 5.
3
What is 3 (base 16) in base 6?
3
Convert -40 (base 12) to base 9.
-53
What is -1201 (base 3) in base 10?
-46
What is -11 (base 2) in base 13?
-3
Convert -10 (base 12) to base 16.
-c
What is 1011011 (base 2) in base 5?
331
What is 110001 (base 2) in base 11?
45
Convert 198 (base 10) to base 3.
21100
What is 118 (base 9) in base 4?
1202
7 (base 8) to base 3
21
Convert -10 (base 6) to base 5.
-11
-3 (base 16) to base 2
-11
Convert 94 (base 16) to base 12.
104
Convert 0 (base 2) to base 3.
0
What is 101 (base 3) in base 16?
a
Convert 0 (base 15) to base 13.
0
Convert -126 (base 9) to base 16.
-69
Convert 11e (base 16) to base 15.
141
-3 (base 16) to base 15
-3
What is -1 (base 7) in base 3?
-1
Convert -12 (base 4) to base 6.
-10
Convert -19 (base 15) to base 12.
-20
What is 8 (base 10) in base 12?
8
What is 42 (base 12) in base 4?
302
Convert 51 (base 7) to base 16.
24
What is 0 (base 6) in base 15?
0
What is 102 (base 3) in base 13?
b
Convert 86 (base 9) to base 3.
2220
-11 (base 2) to base 6
-3
Convert 9 (base 12) to base 9.
10
Convert -13 (base 12) to base 13.
-12
138 (base 9) to base 10
116
What is bc (base 16) in base 12?
138
2 (base 13) to base 14
2
Convert -175 (base 11) to base 15.
-d8
Convert 34 (base 6) to base 12.
1a
What is -1011 (base 3) in base 15?
-21
Convert -1 (base 3) to base 4.
-1
-2 (base 6) to base 2
-10
Convert 1 (base 2) to base 9.
1
What is 108 (base 10) in base 8?
154
4 (base 8) to base 9
4
What is -10d (base 14) in base 16?
-d1
What is 5 (base 15) in base 9?
5
1023 (base 4) to base 10
75
What is -3 (base 8) in base 11?
-3
174 (base 9) to base 3
12111
Convert 4 (base 11) to base 14.
4
Convert 201 (base 4) to base 16.
21
Convert 2 (base 16) to base 10.
2
-113 (base 4) to base 8
-27
Convert -27 (base 15) to base 7.
-52
What is -22220 (base 3) in base 16?
-f0
-35 (base 6) to base 8
-27
24 (base 5) to base 15
e
-1 (base 10) to base 2
-1
What is 2b (base 12) in base 9?
38
Convert -10 (base 2) to base 14.
-2
What is 16 (base 7) in base 2?
1101
4 (base 16) to base 9
4
Convert -2 (base 13) to base 7.
-2
What is -21 (base 15) in base 3?
-1011
What is -13 (base 5) in base 11?
-8
What is 219 (base 10) in base 3?
22010
3 (base 16) to base 3
10
-5 (base 13) to base 3
-12
-17 (base 15) to base 13
-19
What is 11 (base 2) in base 4?
3
What is 0 (base 2) in base 3?
0
-11 (base 4) to base 16
-5
What is 26 (base 9) in base 6?
40
What is 0 (base 14) in base 10?
0
Convert -2 (base 3) to base 14.
-2
What is 110 (base 4) in base 15?
15
7 (base 13) to base 2
111
73 (base 12) to base 15
5c
What is 10 (base 2) in base 4?
2
-4 (base 16) to base 14
-4
What is 3 (base 7) in base 14?
3
What is -5 (base 16) in base 5?
-10
What is 6 (base 9) in base 4?
12
18 (base 13) to base 4
111
Convert -1 (base 4) to base 9.
-1
Convert -1 (base 8) to base 11.
-1
What is 3 (base 7) in base 5?
3
Convert -2 (base 9) to base 3.
-2
Convert 1011 (base 2) to base 16.
b
Convert 100 (base 2) to base 9.
4
Convert 11 (base 4) to base 8.
5
Convert 11010 (base 2) to base 6.
42
What is 3b (base 13) in base 16?
32
Convert 62 (base 12) to base 13.
59
What is -12 (base 4) in base 15?
-6
What is -11 (base 16) in base 2?
-10001
22 (base 6) to base 9
15
What is 306 (base 9) in base 2?
11111001
What is -63 (base 14) in base 15?
-5c
What is 20 (base 4) in base 5?
13
Convert -1110 (base 2) to base 8.
-16
66 (base 12) to base 9
86
Convert 11 (base 12) to base 5.
23
-2 (base 5) to base 7
-2
Convert 44 (base 8) to base 10.
36
16 (base 12) to base 4
102
-5 (base 10) to base 4
-11
Convert -11 (base 3) to base 5.
-4
Convert 110001 (base 2) to base 7.
100
What is -14 (base 8) in base 4?
-30
Convert 356 (base 8) to base 10.
238
-9 (base 12) to base 5
-14
Convert 62 (base 15) to base 3.
10102
Convert -6 (base 16) to base 10.
-6
What is -235 (base 8) in base 10?
-157
What is 1 (base 12) in base 10?
1
211 (base 3) to base 7
31
Convert 5 (base 9) to base 5.
10
What is -1000 (base 2) in base 4?
-20
4 (base 9) to base 3
11
What is -a (base 16) in base 5?
-20
Convert 0 (base 10) to base 11.
0
What is e (base 15) in base 12?
12
Convert 382 (base 10) to base 8.
576
Convert 20 (base 9) to base 11.
17
Convert -22 (base 13) to base 7.
-40
What is 34 (base 15) in base 3?
1211
Convert -1 (base 16) to base 10.
-1
What is -11001 (base 2) in base 16?
-19
-28 (base 16) to base 14
-2c
What is -81 (base 11) in base 3?
-10022
What is -3 (base 12) in base 13?
-3
78 (base 12) to base 15
62
-12 (base 15) to base 6
-25
-4 (base 16) to base 4
-10
Convert 1 (base 13) to base 3.
1
-3 (base 6) to base 12
-3
What is 62 (base 16) in base 9?
118
11001 (base 3) to base 12
91
Convert 11 (base 7) to base 12.
8
Convert -49 (base 10) to base 15.
-34
333 (base 6) to base 5
1004
What is -322 (base 9) in base 2?
-100000111
What is 0 (base 5) in base 6?
0
Convert -12 (base 4) to base 14.
-6
What is -2 (base 3) in base 14?
-2
Convert -2 (base 4) to base 8.
-2
What is -97 (base 11) in base 2?
-1101010
-45 (base 13) to base 3
-2010
3a (base 11) to base 6
111
What is -2 (base 16) in base 8?
-2
What is 161 (base 11) in base 14?
d6
What is 10 (base 12) in base 10?
12
Convert 11 (base 3) to base 11.
4
What is -25 (base 11) in base 13?
-21
-10 (base 10) to base 6
-14
What is -2032 (base 4) in base 7?
-262
4 (base 16) to base 3
11
-1 (base 2) to base 7
-1
Convert -13 (base 7) to base 14.
-a
What is -119 (base 14) in base 15?
-e9
2 (base 15) to base 9
2
What is -1 (base 15) in base 3?
-1
1010 (base 3) to base 15
20
What is -84 (base 14) in base 4?
-1310
2 (base 11) to base 5
2
Convert 69 (base 15) to base 12.
83
What is 1 (base 9) in base 2?
1
-1330 (base 4) to base 5
-444
-266 (base 7) to base 10
-146
Convert 40 (base 9) to base 5.
121
Convert 3 (base 14) to base 11.
3
Convert 213 (base 5) to base 16.
3a
What is 1123 (base 4) in base 16?
5b
What is -92 (base 10) in base 11?
-84
What is 1 (base 3) in base 2?
1
Convert 2 (base 13) to base 4.
2
55 (base 13) to base 6
154
What is -1101 (base 2) in base 4?
-31
Convert 0 (base 8) to base 7.
0
What is 2 (base 7) in base 15?
2
Convert 25 (base 7) to base 4.
103
Convert 69 (base 10) to base 2.
1000101
What is 203 (base 12) in base 16?
123
Convert 29 (base 13) to base 4.
203
What is -7 (base 8) in base 11?
-7
What is 100 (base 11) in base 10?
121
Convert -4 (base 6) to base 10.
-4
0 (base 8) to base 12
0
Convert -126 (base 7) to base 8.
-105
4 (base 11) to base 10
4
11 (base 10) to base 12
b
What is -144 (base 5) in base 9?
-54
Convert 3 (base 16) to base 5.
3
What is -111 (base 2) in base 11?
-7
Convert 7 (base 8) to base 12.
7
Convert -3 (base 5) to base 10.
-3
What is 9 (base 11) in base 6?
13
0 (base 13) to base 16
0
Convert -29 (base 12) to base 14.
-25
-1 (base 15) to base 16
-1
What is -20 (base 15) in base 11?
-28
Convert 15 (base 10) to base 9.
16
-6 (base 16) to base 9
-6
What is 1 (base 10) in base 4?
1
Convert -2 (base 4) to base 3.
-2
-1 (base 12) to base 5
-1
10 (base 5) to base 14
5
Convert -392 (base 10) to base 6.
-1452
11101 (base 2) to base 9
32
6 (base 8) to base 5
11
What is -75 (base 10) in base 16?
-4b
What is 5 (base 14) in base 8?
5
What is -184 (base 11) in base 3?
-21220
What is -7 (base 10) in base 5?
-12
Convert -13 (base 7) to base 5.
-20
What is -19 (base 14) in base 13?
-1a
Convert 3 (base 12) to base 16.
3
-2 (base 13) to base 9
-2
What is 1011011 (base 2) in base 8?
133
What is a (base 13) in base 4?
22
What is -1 (base 11) in base 7?
-1
-236 (base 8) to base 12
-112
6 (base 9) to